{"id":13231,"date":"2023-06-02T20:26:33","date_gmt":"2023-06-02T20:26:33","guid":{"rendered":"https:\/\/investigacionestecnologicas.com\/?post_type=product&#038;p=13231"},"modified":"2026-04-22T19:03:30","modified_gmt":"2026-04-22T19:03:30","slug":"colageno-plus","status":"publish","type":"product","link":"https:\/\/investigacionestecnologicas.com\/?product=colageno-plus","title":{"rendered":"3 COLAGENO PLUS"},"content":{"rendered":"<p>EL COL\u00c1GENO ES UNA PROTE\u00cdNA MUY IMPORTANTE PARA NUESTRO CUERPO, QUE CONFORMA EL TEJIDO CONECTIVO. PROPORCIONA PRINCIPALMENTE LA ELASTICIDAD DE NUESTRA PIEL, LA PREVENCI\u00d3N DE LAS ARRUGAS Y LA FLACIDEZ. PARA RESTAURAR LOS NIVELES DE ESTA SUSTANCIA EN EL CUERPO EXISTE EL COL\u00c1GENO HIDROLIZADO, ES UNA OPCI\u00d3N EN FORMA DE C\u00c1PSULAS QUE PROPORCIONA UNA SERIE DE BENEFICIOS.<\/p>\n<p>EL COL\u00c1GENO ES LA PROTE\u00cdNA M\u00c1S GRANDE Y M\u00c1S ABUNDANTE EN EL CUERPO, LO QUE REPRESENTA ALREDEDOR DEL 65% DE NUESTRA PROTE\u00cdNA TOTAL<\/p>\n<p>&nbsp;<\/p>\n<p>LAS PROTE\u00cdNAS EST\u00c1N COMPUESTAS DE AMINO\u00c1CIDOS, TALES COMO GLICINA, PROLINA, ARGININA, HIDROXIPROLINA, QUE SON LOS AMINO\u00c1CIDOS QUE EXISTEN EN EL COL\u00c1GENO EN PROPORCIONES VARIABLES, DEPENDIENDO DE LA FUENTE. COMO LA PROTE\u00cdNA M\u00c1S GRANDE DEL CUERPO, EL COL\u00c1GENO TIENE UNA CADENA DE M\u00c1S DE 1500 AMINO\u00c1CIDOS.<\/p>\n<p>EL COL\u00c1GENO ES EL TEJIDO CONJUNTIVO PARA CASI TODAS NUESTRAS ESTRUCTURAS, INCLUYENDO <em>CORAZ\u00d3N<\/em>,<em> PULMONES<\/em><\/p>\n<p><em>ARTERIAS<\/em><em>, DISCOS, C\u00c9LULAS SANGU\u00cdNEAS, PIEL, M\u00daSCULOS, HUESOS, CART\u00cdLAGO H\u00cdGADO, PELO, ARTICULACIONES, U\u00d1AS<\/em><\/p>\n<p><em>PR\u00d3STATA<\/em><\/p>\n<p>&nbsp;<\/p>\n<p>UNO DE LOS BENEFICIOS DEL COL\u00c1GENO HIDROLIZADO ES SU FUNCI\u00d3N COMO AGENTE REPARADOR DEL TEJIDO COLECTIVO DEL CUERPO, ES POR ELLO QUE ESTE F\u00c1RMACO HA SIDO UTILIZADO COMO TRATAMIENTO DE ALGUNAS ENFERMEDADES RELACIONADAS, COMO EN OSTEOARTRITIS Y OSTEOPOROSIS, AMBAS ESTRECHAMENTE LIGADAS A LOS HUESOS.<\/p>\n<p>SUS OTROS USOS SE FOCALIZAN EN ASPECTOS EST\u00c9TICOS, ESPEC\u00cdFICAMENTE PARA SUBSANAR LOS EFECTOS PROPIOS DEL ENVEJECIMIENTO DE LA PIEL POR LA P\u00c9RDIDA DE TONICIDAD, COL\u00c1GENO Y ELASTINA. SE UTILIZA, PUES, PARA MEJORAR LA APARIENCIA DE LA PIEL, REDUCIR Y EVITAR ARRUGAS, FORTALECER LOS LIGAMENTOS Y ARTICULACIONES, PERO ADEM\u00c1S, PARA REALZAR Y OPTIMIZAR LAS U\u00d1AS Y EL CABELLO.<\/p>\n<p>LOS TEJIDOS CORPORALES RESPONSABLES DEL MOVIMIENTO COMO LO SON LOS HUESOS, CART\u00cdLAGOS Y ARTICULACIONES NECESITAN UNA BUENA ESTRUCTURA. ESTO ES FUNDAMENTAL PARA EL SER HUMANO YA QUE LOS VUELVE M\u00c1S RESISTENTES, FUERTES Y COMPLETOS PARA FACILITAR LA MOTRICIDAD.<\/p>\n<p>POR OTRA PARTE, SU FUNCIONAMIENTO TAMBI\u00c9N SE BASA EN PROLONGAR LA ESTABILIDAD CUT\u00c1NEA POR MEDIO DE LOS BENEFICIOS QUE DA A LA PIEL EN FUNCI\u00d3N A SU REPARACI\u00d3N Y PROTECCI\u00d3N.<\/p>\n<p>PREVIENE LAS INDESEABLES ARRUGAS QUE AFECTAN EL ASPECTO EST\u00c9TICO DEL ROSTRO Y OTRAS \u00c1REAS DEL CUERPO.<\/p>\n<p>TIENE OTROS BENEFICIOS COMO PARA REFORZAR EL SISTEMA INMUNITARIO.<\/p>\n<p>AYUDA A ENGROSAR LOS TEJIDOS COLECTIVOS DEL CUERPO PARA FAVORECER SU RESISTENCIA.<\/p>\n<p>PUEDE SER UTILIZADO COMO PARTE DEL TRATAMIENTO DE ENFERMEDADES DEGENERATIVAS.<\/p>\n<p>&nbsp;<\/p>\n<p>&nbsp;<\/p>\n<p>A MEDIDA QUE ENVEJECEMOS, LA PRODUCCI\u00d3N DE COL\u00c1GENO CAE, Y CUALQUIERA DE ESTOS<\/p>\n<p><em>SISTEMAS PUEDE VERSE AFECTADO. EL EJEMPLO M\u00c1S COM\u00daN DE DISMINUCI\u00d3N DE COL\u00c1GENO: LA TENDENCIA DE CAER DE NUESTRA PIEL Y LOS M\u00daSCULOS.<\/em><\/p>\n<p><em>EN LOS \u00d3RGANOS, LA DISMINUCI\u00d3N DE COL\u00c1GENO CAUSA INESTABILIDAD Y DEBILIDAD. LOS <\/em><em>\u00d3RGANOS COMO EL CORAZ\u00d3N Y LA PR\u00d3STATA PUEDE AGRANDARSE; OTROS \u00d3RGANOS SE <\/em><em>VUELVEN M\u00c1S ENDEBLES Y M\u00c1S D\u00c9BILES. PARA ESTE TIPO DE PROBLEMAS DEGENERATIVOS, <\/em><em>LOS MEDICAMENTOS RARA VEZ FUNCIONAN.<\/em><\/p>\n<p>&nbsp;<\/p>\n<p>MODO DE CONSUMO<\/p>\n<p>&nbsp;<\/p>\n<p>2 CAPSULAS AL DIA<\/p>\n<p>&nbsp;<\/p>\n<p>LEYENDAS PRECAUTORIAS<\/p>\n<p>ESTE PRODUCTO NO ES UN MEDICAMENTO<\/p>\n<p>EL USO DE ESTE PRODUCTO ES RESPONSABILIDAD DE QUIEN LO RECOMIENDA Y DE QUIEN LO USA.<\/p>\n","protected":false},"excerpt":{"rendered":"<p>INCLUYE: 3 FRASCOS DE 60 CAPSULAS C\/U<\/p>\n","protected":false},"featured_media":13534,"comment_status":"open","ping_status":"closed","template":"","meta":{"_joinchat":[]},"product_cat":[62,63],"product_tag":[],"jetpack_sharing_enabled":true,"_links":{"self":[{"href":"https:\/\/investigacionestecnologicas.com\/index.php?rest_route=\/wp\/v2\/product\/13231"}],"collection":[{"href":"https:\/\/investigacionestecnologicas.com\/index.php?rest_route=\/wp\/v2\/product"}],"about":[{"href":"https:\/\/investigacionestecnologicas.com\/index.php?rest_route=\/wp\/v2\/types\/product"}],"replies":[{"embeddable":true,"href":"https:\/\/investigacionestecnologicas.com\/index.php?rest_route=%2Fwp%2Fv2%2Fcomments&post=13231"}],"wp:featuredmedia":[{"embeddable":true,"href":"https:\/\/investigacionestecnologicas.com\/index.php?rest_route=\/wp\/v2\/media\/13534"}],"wp:attachment":[{"href":"https:\/\/investigacionestecnologicas.com\/index.php?rest_route=%2Fwp%2Fv2%2Fmedia&parent=13231"}],"wp:term":[{"taxonomy":"product_cat","embeddable":true,"href":"https:\/\/investigacionestecnologicas.com\/index.php?rest_route=%2Fwp%2Fv2%2Fproduct_cat&post=13231"},{"taxonomy":"product_tag","embeddable":true,"href":"https:\/\/investigacionestecnologicas.com\/index.php?rest_route=%2Fwp%2Fv2%2Fproduct_tag&post=13231"}],"curies":[{"name":"wp","href":"https:\/\/api.w.org\/{rel}","templated":true}]}}