{"id":867,"date":"2016-09-19T23:12:54","date_gmt":"2016-09-19T23:12:54","guid":{"rendered":"http:\/\/www.desarrolloscientificos.com\/?post_type=product&#038;p=867"},"modified":"2025-12-08T09:12:52","modified_gmt":"2025-12-08T09:12:52","slug":"javon-de-ozono","status":"publish","type":"product","link":"https:\/\/investigacionestecnologicas.com\/?product=javon-de-ozono","title":{"rendered":"6 JABONES DE OZONO"},"content":{"rendered":"<p>El jab\u00f3n est\u00e1 elaborado con ingredientes 100% naturales como son, aceite de oliva extra virgen, miel de abeja, s\u00e1bila y extracto de tepexcohuite, creado en una manera adecuada\u00a0 para obtener el resultado \u00f3ptimo de oxigenaci\u00f3n y regeneraci\u00f3n celular a trav\u00e9s de eliminaci\u00f3n de infecciones y mejoramiento en circulaci\u00f3n para una restructuraci\u00f3n celular para cualquier padecimiento en la piel.<\/p>\n<p>Est\u00e1 elaborado con aceite de olivo extra virgen y una potencializacion de ozono en una concentraci\u00f3n molecular aproximadamente al 50% \u00a0esto da como resultado el restablecimiento\u00a0 de problemas cr\u00f3nicos en la piel, principalmente como son:<\/p>\n<ul>\n<li>Ulcera varicosa &#8211; Quemaduras<\/li>\n<li>Pie diab\u00e9tico &#8211; infecci\u00f3n vaginal<\/li>\n<li>Psoriasis &#8211; hemorroides<\/li>\n<li>Varices &#8211; hongo de u\u00f1as de pies y manos<\/li>\n<li>Celulitis \u00a0\u00a0\u00a0\u00a0\u00a0\u00a0\u00a0\u00a0\u00a0\u00a0\u00a0\u00a0\u00a0\u00a0&#8211; pie de atleta<\/li>\n<li>Rozaduras &#8211; Dermatitis<\/li>\n<li>Acn\u00e9 &#8211; herpes labial (fuego labial)<\/li>\n<\/ul>\n<p>Es un excelente auxiliar para tratar padecimientos cr\u00f3nicos y problemas en la piel.<\/p>\n<p><strong>V\u00eda de administraci\u00f3n:<\/strong> Cut\u00e1nea<\/p>\n<p><strong>Indicaciones de uso<\/strong><\/p>\n<p>Lavarse previamente con agua y <strong>JABON DE \u00a0OZONO<\/strong> seque y aplique la <strong>CREMA DE OZONO<\/strong> Sobre el \u00e1rea a tratar al menos 2 veces al d\u00eda.<\/p>\n<p><strong>Contraindicaciones<\/strong><\/p>\n<p>Hipersensibilidad a los componentes de la formula.<\/p>\n<p>Cons\u00e9rvese en un lugar fresco a no m\u00e1s de 25\u00b0 C. \u00a0No\u00a0 se deje al alcance de los ni\u00f1os.<\/p>\n<p>Si persisten las molestias, suspenda y consulte a su m\u00e9dico.<\/p>\n<p>Avalado por <strong>LA CAMARA NACIONAL DE LA MUJER<\/strong> <strong><em>(CANADEM)<\/em><\/strong>.<\/p>\n","protected":false},"excerpt":{"rendered":"<p>limpia oxigena y regenera la piel a trav\u00e9s de eliminaci\u00f3n de infecciones.<\/p>\n<p><strong>INCLUYE:\u00a0<\/strong>6 JABONES DE OZONO<\/p>\n","protected":false},"featured_media":13285,"comment_status":"open","ping_status":"closed","template":"","meta":{"_joinchat":[]},"product_cat":[62,63],"product_tag":[],"jetpack_sharing_enabled":true,"_links":{"self":[{"href":"https:\/\/investigacionestecnologicas.com\/index.php?rest_route=\/wp\/v2\/product\/867"}],"collection":[{"href":"https:\/\/investigacionestecnologicas.com\/index.php?rest_route=\/wp\/v2\/product"}],"about":[{"href":"https:\/\/investigacionestecnologicas.com\/index.php?rest_route=\/wp\/v2\/types\/product"}],"replies":[{"embeddable":true,"href":"https:\/\/investigacionestecnologicas.com\/index.php?rest_route=%2Fwp%2Fv2%2Fcomments&post=867"}],"wp:featuredmedia":[{"embeddable":true,"href":"https:\/\/investigacionestecnologicas.com\/index.php?rest_route=\/wp\/v2\/media\/13285"}],"wp:attachment":[{"href":"https:\/\/investigacionestecnologicas.com\/index.php?rest_route=%2Fwp%2Fv2%2Fmedia&parent=867"}],"wp:term":[{"taxonomy":"product_cat","embeddable":true,"href":"https:\/\/investigacionestecnologicas.com\/index.php?rest_route=%2Fwp%2Fv2%2Fproduct_cat&post=867"},{"taxonomy":"product_tag","embeddable":true,"href":"https:\/\/investigacionestecnologicas.com\/index.php?rest_route=%2Fwp%2Fv2%2Fproduct_tag&post=867"}],"curies":[{"name":"wp","href":"https:\/\/api.w.org\/{rel}","templated":true}]}}