{"id":885,"date":"2016-09-20T15:19:18","date_gmt":"2016-09-20T15:19:18","guid":{"rendered":"http:\/\/www.desarrolloscientificos.com\/?post_type=product&#038;p=885"},"modified":"2026-02-20T17:30:48","modified_gmt":"2026-02-20T17:30:48","slug":"esencia-de-chia","status":"publish","type":"product","link":"https:\/\/investigacionestecnologicas.com\/?product=esencia-de-chia","title":{"rendered":"8 FRASCOS CAPSULAS DE ACEITE DE CHIA"},"content":{"rendered":"<p><small><br \/>\nAlgunas de nuestros contenidos multimedia o promos aplican restricciones seg\u00fan el horario de transmisi\u00f3n. Favor de consultar promociones vigentes al tel\u00e9fono 5517137636<br \/>\n<\/small><br \/>\nProducto 100% natural elaborado al extraer la esencia de la CHIA,\u00a0 ya que se requiere de una cantidad inmensa de semillas que a trav\u00e9s de los estudios y avances cient\u00edficos por egresados del Instituto Polit\u00e9cnico Nacional, descubren con un gran esfuerzo y complicaciones como concentrar todas la propiedades de la CHIA,\u00a0 logrando que una sola capsula equivale a beber 15 vasos de agua de CHIA a lo largo del d\u00eda. <\/p>\n<p><strong>Presentaci\u00f3n:<\/strong> Frasco con 30 capsulas de gelatina blanda.<br \/>\n<strong>Beneficios:<\/strong><br \/>\n* Ayuda a disminuir los niveles altos de az\u00facar en la sangre, lo que hace una excelente opci\u00f3n en pacientes con diabetes.<br \/>\n* Ayuda a mantener niveles de colesterol y triglic\u00e9ridos, previniendo infartos ya que cuenta con una gran concentraci\u00f3n de Omega 3.<\/p>\n<p>* Ayuda a regular el metabolismo en su digesti\u00f3n ya que contiene alto contenido en fibra. <\/p>\n<p>* No contiene GLUTEN por lo que se puede incluir a las dietas para bajar de peso, dando saciedad por m\u00e1s tiempo, toda vez que la CHIA es un semilla que al contacto con l\u00edquidos se expande y forma un gel mucilaginoso. <\/p>\n<p><strong>Modo de empleo:<\/strong> * Tomar 1 capsula al d\u00eda. Ingredientes * Aceite de CHIA (Salvia hisp\u00e1nica L.) * Aceite de Linaza (Linum usitatissimum) * Vitamina E (Acetato de tocoferol) * Grenetina. <strong>Leyendas Precautorias<\/strong> * Este producto no es un medicamento. * El uso de este producto es responsabilidad de quien lo recomienda y de quien lo usa. * No consumir si es intolerante a algunos ingredientes de la f\u00f3rmula.<\/p>\n","protected":false},"excerpt":{"rendered":"<p>Regula glucosa, colesterol y triglic\u00e9ridos, 80% mas retenci\u00f3n de memoria,provoca saciedad para ayudar a bajar de peso naturalmente. \u00a0 <strong>INCLUYE:<\/strong> 8 frascos de capsulas de aceite de chia<\/p>\n","protected":false},"featured_media":13533,"comment_status":"open","ping_status":"closed","template":"","meta":{"_joinchat":[]},"product_cat":[62,63],"product_tag":[64],"jetpack_sharing_enabled":true,"_links":{"self":[{"href":"https:\/\/investigacionestecnologicas.com\/index.php?rest_route=\/wp\/v2\/product\/885"}],"collection":[{"href":"https:\/\/investigacionestecnologicas.com\/index.php?rest_route=\/wp\/v2\/product"}],"about":[{"href":"https:\/\/investigacionestecnologicas.com\/index.php?rest_route=\/wp\/v2\/types\/product"}],"replies":[{"embeddable":true,"href":"https:\/\/investigacionestecnologicas.com\/index.php?rest_route=%2Fwp%2Fv2%2Fcomments&post=885"}],"wp:featuredmedia":[{"embeddable":true,"href":"https:\/\/investigacionestecnologicas.com\/index.php?rest_route=\/wp\/v2\/media\/13533"}],"wp:attachment":[{"href":"https:\/\/investigacionestecnologicas.com\/index.php?rest_route=%2Fwp%2Fv2%2Fmedia&parent=885"}],"wp:term":[{"taxonomy":"product_cat","embeddable":true,"href":"https:\/\/investigacionestecnologicas.com\/index.php?rest_route=%2Fwp%2Fv2%2Fproduct_cat&post=885"},{"taxonomy":"product_tag","embeddable":true,"href":"https:\/\/investigacionestecnologicas.com\/index.php?rest_route=%2Fwp%2Fv2%2Fproduct_tag&post=885"}],"curies":[{"name":"wp","href":"https:\/\/api.w.org\/{rel}","templated":true}]}}